{"version":"1.0","provider_name":"21 Panorama","provider_url":"https:\/\/21panorama.com","author_name":"admin","author_url":"https:\/\/21panorama.com\/index.php\/author\/admin\/","title":"ENTREGA DE OBRAS EN COMUNIDADES ACULQUENSES - 21 Panorama","type":"rich","width":600,"height":338,"html":"<blockquote class=\"wp-embedded-content\" data-secret=\"Zw7aQSR9JP\"><a href=\"https:\/\/21panorama.com\/index.php\/2023\/06\/23\/entrega-de-obras-en-comunidades-aculquenses\/\">ENTREGA DE OBRAS EN COMUNIDADES ACULQUENSES<\/a><\/blockquote><iframe sandbox=\"allow-scripts\" security=\"restricted\" src=\"https:\/\/21panorama.com\/index.php\/2023\/06\/23\/entrega-de-obras-en-comunidades-aculquenses\/embed\/#?secret=Zw7aQSR9JP\" width=\"600\" height=\"338\" title=\"&#8220;ENTREGA DE OBRAS EN COMUNIDADES ACULQUENSES&#8221; &#8212; 21 Panorama\" data-secret=\"Zw7aQSR9JP\" frameborder=\"0\" marginwidth=\"0\" marginheight=\"0\" scrolling=\"no\" class=\"wp-embedded-content\"><\/iframe><script type=\"text\/javascript\">\n\/* <![CDATA[ *\/\n\/*! This file is auto-generated *\/\n!function(d,l){\"use strict\";l.querySelector&&d.addEventListener&&\"undefined\"!=typeof URL&&(d.wp=d.wp||{},d.wp.receiveEmbedMessage||(d.wp.receiveEmbedMessage=function(e){var t=e.data;if((t||t.secret||t.message||t.value)&&!\/[^a-zA-Z0-9]\/.test(t.secret)){for(var s,r,n,a=l.querySelectorAll('iframe[data-secret=\"'+t.secret+'\"]'),o=l.querySelectorAll('blockquote[data-secret=\"'+t.secret+'\"]'),c=new RegExp(\"^https?:$\",\"i\"),i=0;i<o.length;i++)o[i].style.display=\"none\";for(i=0;i<a.length;i++)s=a[i],e.source===s.contentWindow&&(s.removeAttribute(\"style\"),\"height\"===t.message?(1e3<(r=parseInt(t.value,10))?r=1e3:~~r<200&&(r=200),s.height=r):\"link\"===t.message&&(r=new URL(s.getAttribute(\"src\")),n=new URL(t.value),c.test(n.protocol))&&n.host===r.host&&l.activeElement===s&&(d.top.location.href=t.value))}},d.addEventListener(\"message\",d.wp.receiveEmbedMessage,!1),l.addEventListener(\"DOMContentLoaded\",function(){for(var e,t,s=l.querySelectorAll(\"iframe.wp-embedded-content\"),r=0;r<s.length;r++)(t=(e=s[r]).getAttribute(\"data-secret\"))||(t=Math.random().toString(36).substring(2,12),e.src+=\"#?secret=\"+t,e.setAttribute(\"data-secret\",t)),e.contentWindow.postMessage({message:\"ready\",secret:t},\"*\")},!1)))}(window,document);\n\/\/# sourceURL=https:\/\/21panorama.com\/wp-includes\/js\/wp-embed.min.js\n\/* ]]> *\/\n<\/script>\n","thumbnail_url":"https:\/\/21panorama.com\/wp-content\/uploads\/2023\/06\/WhatsApp-Image-2023-06-23-at-12.28.19-PM.jpeg","thumbnail_width":1600,"thumbnail_height":1200,"description":"El Presidente del Gobierno Municipal de Aculco 2022 - 2024, Jorge Alfredo Osornio Victoria, en compa\u00f1\u00eda de su esposa, Maestra Rosa Yareth Andrade Quezada, presidenta honor\u00edfica del Sistema Municipal DIF de Aculco, y de sus regidores, realiz\u00f3 una gira de trabajo en la que visit\u00f3 la comunidad de Barrancas para inaugurar la construcci\u00f3n del techado en \u00e1rea de impartici\u00f3n de Educaci\u00f3n F\u00edsica de la Primaria Adolfo L\u00f3pez Mateos, en presencia del personal docente, alumnos y padres de familia. Esta obra tiene una inversi\u00f3n aproximada de un mill\u00f3n doscientos mil pesos."}

El Presidente del Gobierno Municipal de Aculco 2022 - 2024, Jorge Alfredo Osornio Victoria, en compañía de su esposa, Maestra Rosa Yareth Andrade Quezada, presidenta honorífica del Sistema Municipal DIF de Aculco, y de sus regidores, realizó una gira de trabajo en la que visitó la comunidad de Barrancas para inaugurar la construcción del techado en área de impartición de Educación Física de la Primaria Adolfo López Mateos, en presencia del personal docente, alumnos y padres de familia. Esta obra tiene una inversión aproximada de un millón doscientos mil pesos.
