{"version":"1.0","provider_name":"21 Panorama","provider_url":"https:\/\/21panorama.com","author_name":"admin","author_url":"https:\/\/21panorama.com\/index.php\/author\/admin\/","title":"DE BUENA FUENTE; Columna-Opini\u00f3n - 21 Panorama","type":"rich","width":600,"height":338,"html":"<blockquote class=\"wp-embedded-content\" data-secret=\"34xrgVe7Qs\"><a href=\"https:\/\/21panorama.com\/index.php\/2022\/09\/14\/de-buena-fuente-columna-opinion-23\/\">DE BUENA FUENTE; Columna-Opini\u00f3n<\/a><\/blockquote><iframe sandbox=\"allow-scripts\" security=\"restricted\" src=\"https:\/\/21panorama.com\/index.php\/2022\/09\/14\/de-buena-fuente-columna-opinion-23\/embed\/#?secret=34xrgVe7Qs\" width=\"600\" height=\"338\" title=\"&#8220;DE BUENA FUENTE; Columna-Opini\u00f3n&#8221; &#8212; 21 Panorama\" data-secret=\"34xrgVe7Qs\" frameborder=\"0\" marginwidth=\"0\" marginheight=\"0\" scrolling=\"no\" class=\"wp-embedded-content\"><\/iframe><script type=\"text\/javascript\">\n\/* <![CDATA[ *\/\n\/*! This file is auto-generated *\/\n!function(d,l){\"use strict\";l.querySelector&&d.addEventListener&&\"undefined\"!=typeof URL&&(d.wp=d.wp||{},d.wp.receiveEmbedMessage||(d.wp.receiveEmbedMessage=function(e){var t=e.data;if((t||t.secret||t.message||t.value)&&!\/[^a-zA-Z0-9]\/.test(t.secret)){for(var s,r,n,a=l.querySelectorAll('iframe[data-secret=\"'+t.secret+'\"]'),o=l.querySelectorAll('blockquote[data-secret=\"'+t.secret+'\"]'),c=new RegExp(\"^https?:$\",\"i\"),i=0;i<o.length;i++)o[i].style.display=\"none\";for(i=0;i<a.length;i++)s=a[i],e.source===s.contentWindow&&(s.removeAttribute(\"style\"),\"height\"===t.message?(1e3<(r=parseInt(t.value,10))?r=1e3:~~r<200&&(r=200),s.height=r):\"link\"===t.message&&(r=new URL(s.getAttribute(\"src\")),n=new URL(t.value),c.test(n.protocol))&&n.host===r.host&&l.activeElement===s&&(d.top.location.href=t.value))}},d.addEventListener(\"message\",d.wp.receiveEmbedMessage,!1),l.addEventListener(\"DOMContentLoaded\",function(){for(var e,t,s=l.querySelectorAll(\"iframe.wp-embedded-content\"),r=0;r<s.length;r++)(t=(e=s[r]).getAttribute(\"data-secret\"))||(t=Math.random().toString(36).substring(2,12),e.src+=\"#?secret=\"+t,e.setAttribute(\"data-secret\",t)),e.contentWindow.postMessage({message:\"ready\",secret:t},\"*\")},!1)))}(window,document);\n\/\/# sourceURL=https:\/\/21panorama.com\/wp-includes\/js\/wp-embed.min.js\n\/* ]]> *\/\n<\/script>\n","thumbnail_url":"https:\/\/21panorama.com\/wp-content\/uploads\/2022\/09\/Gustavo-Cardenas-140922-1.jpg","thumbnail_width":640,"thumbnail_height":960,"description":"Fortalecer a las corporaciones polic\u00edacas de los gobiernos locales fue el objetivo del debate que tambi\u00e9n se centr\u00f3 en las comisiones de la C\u00e1mara de Diputados que buscan la permanencia de las Fuerzas Armadas en seguridad p\u00fablica hasta marzo de 2029."}

DE BUENA FUENTE; Columna-Opinión - 21 Panorama

<blockquote class="wp-embedded-content" data-secret="34xrgVe7Qs"><a href="https://21panorama.com/index.php/2022/09/14/de-buena-fuente-columna-opinion-23/">DE BUENA FUENTE; Columna-Opinión</a></blockquote><iframe sandbox="allow-scripts" security="restricted" src="https://21panorama.com/index.php/2022/09/14/de-buena-fuente-columna-opinion-23/embed/#?secret=34xrgVe7Qs" width="600" height="338" title="&#8220;DE BUENA FUENTE; Columna-Opinión&#8221; &#8212; 21 Panorama" data-secret="34xrgVe7Qs" frameborder="0" marginwidth="0" marginheight="0" scrolling="no" class="wp-embedded-content"></iframe><script type="text/javascript">
/* <![CDATA[ */
/*! This file is auto-generated */
!function(d,l){"use strict";l.querySelector&&d.addEventListener&&"undefined"!=typeof URL&&(d.wp=d.wp||{},d.wp.receiveEmbedMessage||(d.wp.receiveEmbedMessage=function(e){var t=e.data;if((t||t.secret||t.message||t.value)&&!/[^a-zA-Z0-9]/.test(t.secret)){for(var s,r,n,a=l.querySelectorAll('iframe[data-secret="'+t.secret+'"]'),o=l.querySelectorAll('blockquote[data-secret="'+t.secret+'"]'),c=new RegExp("^https?:$","i"),i=0;i<o.length;i++)o[i].style.display="none";for(i=0;i<a.length;i++)s=a[i],e.source===s.contentWindow&&(s.removeAttribute("style"),"height"===t.message?(1e3<(r=parseInt(t.value,10))?r=1e3:~~r<200&&(r=200),s.height=r):"link"===t.message&&(r=new URL(s.getAttribute("src")),n=new URL(t.value),c.test(n.protocol))&&n.host===r.host&&l.activeElement===s&&(d.top.location.href=t.value))}},d.addEventListener("message",d.wp.receiveEmbedMessage,!1),l.addEventListener("DOMContentLoaded",function(){for(var e,t,s=l.querySelectorAll("iframe.wp-embedded-content"),r=0;r<s.length;r++)(t=(e=s[r]).getAttribute("data-secret"))||(t=Math.random().toString(36).substring(2,12),e.src+="#?secret="+t,e.setAttribute("data-secret",t)),e.contentWindow.postMessage({message:"ready",secret:t},"*")},!1)))}(window,document);
//# sourceURL=https://21panorama.com/wp-includes/js/wp-embed.min.js
/* ]]> */
</script>

Fortalecer a las corporaciones policíacas de los gobiernos locales fue el objetivo del debate que también se centró en las comisiones de la Cámara de Diputados que buscan la permanencia de las Fuerzas Armadas en seguridad pública hasta marzo de 2029.
