{"version":"1.0","provider_name":"21 Panorama","provider_url":"https:\/\/21panorama.com","author_name":"admin","author_url":"https:\/\/21panorama.com\/index.php\/author\/admin\/","title":"SON VIABLES LOS GOBIERNOS DE COALICI\u00d3N: C\u00c1RDENAS MONROY - 21 Panorama","type":"rich","width":600,"height":338,"html":"<blockquote class=\"wp-embedded-content\" data-secret=\"VGVI0mMHj5\"><a href=\"https:\/\/21panorama.com\/index.php\/2022\/03\/09\/son-viables-los-gobiernos-de-coalicion-cardenas-monroy\/\">SON VIABLES LOS GOBIERNOS DE COALICI\u00d3N: C\u00c1RDENAS MONROY<\/a><\/blockquote><iframe sandbox=\"allow-scripts\" security=\"restricted\" src=\"https:\/\/21panorama.com\/index.php\/2022\/03\/09\/son-viables-los-gobiernos-de-coalicion-cardenas-monroy\/embed\/#?secret=VGVI0mMHj5\" width=\"600\" height=\"338\" title=\"&#8220;SON VIABLES LOS GOBIERNOS DE COALICI\u00d3N: C\u00c1RDENAS MONROY&#8221; &#8212; 21 Panorama\" data-secret=\"VGVI0mMHj5\" frameborder=\"0\" marginwidth=\"0\" marginheight=\"0\" scrolling=\"no\" class=\"wp-embedded-content\"><\/iframe><script type=\"text\/javascript\">\n\/* <![CDATA[ *\/\n\/*! This file is auto-generated *\/\n!function(d,l){\"use strict\";l.querySelector&&d.addEventListener&&\"undefined\"!=typeof URL&&(d.wp=d.wp||{},d.wp.receiveEmbedMessage||(d.wp.receiveEmbedMessage=function(e){var t=e.data;if((t||t.secret||t.message||t.value)&&!\/[^a-zA-Z0-9]\/.test(t.secret)){for(var s,r,n,a=l.querySelectorAll('iframe[data-secret=\"'+t.secret+'\"]'),o=l.querySelectorAll('blockquote[data-secret=\"'+t.secret+'\"]'),c=new RegExp(\"^https?:$\",\"i\"),i=0;i<o.length;i++)o[i].style.display=\"none\";for(i=0;i<a.length;i++)s=a[i],e.source===s.contentWindow&&(s.removeAttribute(\"style\"),\"height\"===t.message?(1e3<(r=parseInt(t.value,10))?r=1e3:~~r<200&&(r=200),s.height=r):\"link\"===t.message&&(r=new URL(s.getAttribute(\"src\")),n=new URL(t.value),c.test(n.protocol))&&n.host===r.host&&l.activeElement===s&&(d.top.location.href=t.value))}},d.addEventListener(\"message\",d.wp.receiveEmbedMessage,!1),l.addEventListener(\"DOMContentLoaded\",function(){for(var e,t,s=l.querySelectorAll(\"iframe.wp-embedded-content\"),r=0;r<s.length;r++)(t=(e=s[r]).getAttribute(\"data-secret\"))||(t=Math.random().toString(36).substring(2,12),e.src+=\"#?secret=\"+t,e.setAttribute(\"data-secret\",t)),e.contentWindow.postMessage({message:\"ready\",secret:t},\"*\")},!1)))}(window,document);\n\/\/# sourceURL=https:\/\/21panorama.com\/wp-includes\/js\/wp-embed.min.js\n\/* ]]> *\/\n<\/script>\n","thumbnail_url":"https:\/\/21panorama.com\/wp-content\/uploads\/2022\/03\/163cc255-6573-459e-b5c7-ad61e7739af9.jpeg","thumbnail_width":1080,"thumbnail_height":498,"description":"El diputado federal Gustavo C\u00e1rdenas Monroy consider\u00f3 que un r\u00e9gimen de cohabitaci\u00f3n es posible cuando se viene de una alianza pol\u00edtica que pondere m\u00e1s all\u00e1 de su ideolog\u00eda la posibilidad de atender los rezagos m\u00e1s sentidos de la sociedad."}

SON VIABLES LOS GOBIERNOS DE COALICIÓN: CÁRDENAS MONROY - 21 Panorama

<blockquote class="wp-embedded-content" data-secret="VGVI0mMHj5"><a href="https://21panorama.com/index.php/2022/03/09/son-viables-los-gobiernos-de-coalicion-cardenas-monroy/">SON VIABLES LOS GOBIERNOS DE COALICIÓN: CÁRDENAS MONROY</a></blockquote><iframe sandbox="allow-scripts" security="restricted" src="https://21panorama.com/index.php/2022/03/09/son-viables-los-gobiernos-de-coalicion-cardenas-monroy/embed/#?secret=VGVI0mMHj5" width="600" height="338" title="&#8220;SON VIABLES LOS GOBIERNOS DE COALICIÓN: CÁRDENAS MONROY&#8221; &#8212; 21 Panorama" data-secret="VGVI0mMHj5" frameborder="0" marginwidth="0" marginheight="0" scrolling="no" class="wp-embedded-content"></iframe><script type="text/javascript">
/* <![CDATA[ */
/*! This file is auto-generated */
!function(d,l){"use strict";l.querySelector&&d.addEventListener&&"undefined"!=typeof URL&&(d.wp=d.wp||{},d.wp.receiveEmbedMessage||(d.wp.receiveEmbedMessage=function(e){var t=e.data;if((t||t.secret||t.message||t.value)&&!/[^a-zA-Z0-9]/.test(t.secret)){for(var s,r,n,a=l.querySelectorAll('iframe[data-secret="'+t.secret+'"]'),o=l.querySelectorAll('blockquote[data-secret="'+t.secret+'"]'),c=new RegExp("^https?:$","i"),i=0;i<o.length;i++)o[i].style.display="none";for(i=0;i<a.length;i++)s=a[i],e.source===s.contentWindow&&(s.removeAttribute("style"),"height"===t.message?(1e3<(r=parseInt(t.value,10))?r=1e3:~~r<200&&(r=200),s.height=r):"link"===t.message&&(r=new URL(s.getAttribute("src")),n=new URL(t.value),c.test(n.protocol))&&n.host===r.host&&l.activeElement===s&&(d.top.location.href=t.value))}},d.addEventListener("message",d.wp.receiveEmbedMessage,!1),l.addEventListener("DOMContentLoaded",function(){for(var e,t,s=l.querySelectorAll("iframe.wp-embedded-content"),r=0;r<s.length;r++)(t=(e=s[r]).getAttribute("data-secret"))||(t=Math.random().toString(36).substring(2,12),e.src+="#?secret="+t,e.setAttribute("data-secret",t)),e.contentWindow.postMessage({message:"ready",secret:t},"*")},!1)))}(window,document);
//# sourceURL=https://21panorama.com/wp-includes/js/wp-embed.min.js
/* ]]> */
</script>

El diputado federal Gustavo Cárdenas Monroy consideró que un régimen de cohabitación es posible cuando se viene de una alianza política que pondere más allá de su ideología la posibilidad de atender los rezagos más sentidos de la sociedad.
